ase 9) to base 16
10f
What is -60 (base 12) in base 13?
-57
-1 (base 11) to base 14
-1
Convert 5 (base 12) to base 5.
10
Convert -14 (base 9) to base 8.
-15
Convert 24 (base 6) to base 10.
16
What is 5 (base 8) in base 13?
5
What is -20 (base 11) in base 14?
-18
-7 (base 10) to base 5
-12
-237 (base 12) to base 11
-281
What is -101 (base 5) in base 4?
-122
What is 1 (base 5) in base 13?
1
-4 (base 14) to base 2
-100
What is 15 (base 10) in base 14?
11
10200 (base 3) to base 6
243
Convert 41 (base 8) to base 9.
36
-2022 (base 5) to base 2
-100000110
What is -101 (base 2) in base 5?
-10
Convert 2 (base 16) to base 8.
2
-3 (base 11) to base 7
-3
What is b (base 16) in base 5?
21
101 (base 7) to base 2
110010
Convert -3 (base 7) to base 9.
-3
-1011 (base 2) to base 3
-102
-2 (base 4) to base 7
-2
What is -11000 (base 2) in base 12?
-20
Convert -1 (base 12) to base 11.
-1
What is 14 (base 11) in base 16?
f
What is 3 (base 13) in base 3?
10
Convert -1 (base 15) to base 14.
-1
5 (base 9) to base 10
5
What is 15 (base 8) in base 9?
14
-8 (base 10) to base 11
-8
Convert -201 (base 3) to base 16.
-13
What is -1 (base 9) in base 12?
-1
What is -28 (base 12) in base 3?
-1012
Convert -1c (base 13) to base 4.
-121
What is 11 (base 4) in base 13?
5
Convert 0 (base 13) to base 10.
0
Convert -25 (base 8) to base 2.
-10101
16 (base 10) to base 8
20
What is 1 (base 2) in base 4?
1
Convert 10 (base 13) to base 12.
11
84 (base 10) to base 13
66
41 (base 12) to base 8
61
-1d (base 14) to base 16
-1b
Convert 0 (base 11) to base 14.
0
Convert -73 (base 11) to base 6.
-212
Convert 11 (base 2) to base 11.
3
Convert 8 (base 13) to base 9.
8
13 (base 13) to base 16
10
-5 (base 11) to base 16
-5
213 (base 5) to base 6
134
-b7 (base 13) to base 5
-1100
Convert -29 (base 11) to base 5.
-111
What is -10 (base 2) in base 4?
-2
1101 (base 2) to base 10
13
Convert -10 (base 10) to base 16.
-a
What is 200 (base 3) in base 8?
22
-79 (base 11) to base 10
-86
0 (base 11) to base 8
0
Convert -d (base 15) to base 11.
-12
8 (base 13) to base 16
8
What is 0 (base 14) in base 15?
0
-431 (base 9) to base 8
-540
0 (base 10) to base 2
0
-2 (base 8) to base 6
-2
Convert 221 (base 3) to base 5.
100
14 (base 8) to base 16
c
Convert -13 (base 11) to base 3.
-112
-2011 (base 4) to base 2
-10000101
What is -11 (base 8) in base 13?
-9
What is -1003 (base 4) in base 7?
-124
Convert 42 (base 6) to base 16.
1a
Convert 3 (base 9) to base 2.
11
Convert 110 (base 2) to base 3.
20
Convert 36 (base 8) to base 13.
24
-13 (base 15) to base 9
-20
7 (base 14) to base 3
21
27 (base 8) to base 4
113
Convert 1 (base 9) to base 14.
1
Convert -82 (base 16) to base 4.
-2002
-223 (base 4) to base 6
-111
What is -77 (base 16) in base 12?
-9b
-42 (base 10) to base 15
-2c
What is -1 (base 3) in base 6?
-1
bc (base 16) to base 15
c8
3 (base 12) to base 15
3
-3 (base 16) to base 12
-3
What is 0 (base 8) in base 14?
0
2 (base 11) to base 5
2
What is -14 (base 11) in base 7?
-21
Convert 44 (base 5) to base 3.
220
What is -6 (base 15) in base 11?
-6
-12 (base 3) to base 9
-5
What is 21 (base 3) in base 5?
12
Convert -10001 (base 2) to base 8.
-21
What is -47 (base 12) in base 15?
-3a
What is -125 (base 8) in base 3?
-10011
What is 2 (base 12) in base 4?
2
What is -14 (base 13) in base 5?
-32
1022 (base 4) to base 6
202
Convert -2 (base 16) to base 11.
-2
Convert -110 (base 2) to base 10.
-6
-18 (base 12) to base 14
-16
What is 5 (base 16) in base 4?
11
What is -120 (base 4) in base 2?
-11000
-45 (base 7) to base 5
-113
Convert -100001 (base 3) to base 6.
-1044
Convert 4 (base 11) to base 6.
4
What is 185 (base 13) in base 9?
338
Convert 3 (base 12) to base 6.
3
Convert 112 (base 3) to base 14.
10
Convert 23 (base 4) to base 14.
b
Convert -6 (base 10) to base 7.
-6
What is -10 (base 16) in base 3?
-121
What is -1 (base 2) in base 3?
-1
-1 (base 9) to base 3
-1
Convert -76 (base 8) to base 2.
-111110
Convert 10100011 (base 2) to base 8.
243
Convert 4 (base 15) to base 3.
11
Convert -4 (base 16) to base 15.
-4
Convert 6 (base 9) to base 14.
6
-123 (base 10) to base 13
-96
What is 5 (base 15) in base 4?
11
-30 (base 6) to base 9
-20
Convert -19 (base 14) to base 4.
-113
What is -100 (base 5) in base 11?
-23
What is 9 (base 12) in base 8?
11
202 (base 3) to base 14
16
Convert 1 (base 15) to base 16.
1
Convert -33 (base 12) to base 14.
-2b
What is -33 (base 7) in base 16?
-18
-90 (base 12) to base 7
-213
What is 0 (base 4) in base 8?
0
Convert 3 (base 11) to base 9.
3
Convert -30 (base 14) to base 11.
-39
Convert 1 (base 15) to base 3.
1
What is -11101 (base 2) in base 12?
-25
What is -39 (base 13) in base 9?
-53
-2 (base 9) to base 2
-10
Convert -3 (base 5) to base 15.
-3
What is c (base 16) in base 4?
30
4 (base 13) to base 9
4
Convert 99 (base 11) to base 12.
90
1 (base 10) to base 16
1
What is 2 (base 10) in base 12?
2
-4 (base 5) to base 10
-4
Convert 10 (base 12) to base 8.
14
-3 (base 5) to base 7
-3
What is 1211 (base 3) in base 9?
54
10 (base 9) to base 6
13
Convert -2 (base 6) to base 3.
-2
2321 (base 4) to base 16
b9
33 (base 12) to base 10
39
Convert 1 (base 11) to base 14.
1
What is -4 (base 15) in base 4?
-10
Convert -66 (base 15) to base 3.
-10120
Convert 0 (base 8) to base 10.
0
What is 21 (base 4) in base 3?
100
What is -13 (base 8) in base 5?
-21
Convert -2 (base 16) to base 8.
-2
12 (base 4) to base 7
6
Convert 16a (base 12) to base 11.
196
2 (base 4) to base 2
10
106 (base 9) to base 7
153
-3 (base 16) to base 10
-3
Convert 0 (base 12) to base 11.
0
Convert 25 (base 6) to base 3.
122
16a (base 15) to base 16
145
What is a (base 14) in base 11?
a
Convert -11 (base 7) to base 14.
-8
1 (base 14) to base 13
1
What is 11 (base 6) in base 16?
7
Convert 100 (base 4) to base 7.
22
What is -6 (base 11) in base 4?
-12
Convert -1 (base 9) to base 11.
-1
415 (base 6) to base 7
311
-1300 (base 5) to base 4
-3020
Convert 61 (base 11) to base 3.
2111
-5c (base 14) to base 13
-64
Convert -3 (base 15) to base 16.
-3
Convert 8 (base 11) to base 12.
8
12 (base 6) to base 9
8
-1 (base 15) to base 5
-1
What is 20 (base 4) in base 12?
8
Convert 443 (base 9) to base 3.
111110
What is -149 (base 11) in base 16?
-ae
-29 (base 11) to base 6
-51
2a (base 11) to base 12
28
-105 (base 6) to base 10
-41
Convert 4 (base 8) to base 3.
11
What is ca (base 13) in base 4?
2212
-1 (base 7) to base 16
-1
Convert 25 (base 6) to base 9.
18
Convert -11 (base 4) to base 14.
-5
-32 (base 5) to base 9
-18
Convert 110 (base 5) to base 12.
26
What is -12 (base 6) in base 11?
-8
Convert 156 (base 11) to base 14.
d0
77 (base 8) to base 15
43
-7 (base 14) to base 13
-7
Convert 12 (base 3) to base 9.
5
Convert 2 (base 7) to base 12.
2
What is 23 (base 16) in base 10?
35
What is 111 (base 4) in base 14?
17
Convert -130 (base 4) to base 11.
-26
What is -1211 (base 3) in base 11?
-45
212 (base 6) to base 16
50
76 (base 9) to base 12
59
Convert 33 (base 7) to base 8.
30
Convert -11112 (base 3) to base 10.
-122
What is 5 (base 6) in base 4?
11
9 (base 11) to base 10
9
3a (base 12) to base 2
101110
-8 (base 12) to base 16
-8
4 (base 15) to base 9
4
Convert -2 (base 13) to base 11.
-2
Convert 410 (base 6) to base 5.
1100
What is -1002 (base 3) in base 9?
-32
What is 1da (base 14) in base 4?
12010
Convert 220 (base 4) to base 10.
40
Convert -4 (base 7) to base 6.
-4
Convert 3 (base 11) to base 9.
3
What is 33 (base 13) in base 15?
2c
Convert 5 (base 11) to base 14.
5
What is 31 (base 6) in base 12?
17
2 (base 15) to base 14
2
-15 (base 9) to base 15
-e
What is 9 (base 15) in base 6?
13
What is -2 (base 9) in base 6?
-2
What is 4 (base 7) in base 13?
4
Convert 5 (base 15) to base 9.
5
-10110 (base 3) to base 8
-135
3 (base 6) to base 14
3
Convert -111 (base 2) to base 3.
-21
5 (base 12) to base 10
5
-1 (base 3) to base 9
-1
-243 (base 5) to base 9
-81
4 (base 16) to base 3
11
Convert -16 (base 14) to base 13.
-17
What is 1f (base 16) in base 2?
11111
28 (base 12) to base 10
32
What is -4 (base 6) in base 12?
-4
Convert 20c (base 14) to base 3.
112222
What is 1 (base 10) in base 4?
1
2 (base 14) to base 16
2
What is 2 (base 3) in base 9?
2
-5a (base 11) to base 6
-145
What is 4 (base 8) in base 14?
4
-94 (base 13) to base 5
-441
Convert -11012 (base 3) to base 6